 + 1 - -3) + -4. Let r be 3/z*(-8)/3*2. Suppose 408 = 4*a + r*w, -3*w = -5*w + 4. What are the prime factors of a?
2, 5
Suppose 0 = 7*i - 119 + 266. What are the prime factors of (i/(-4) - 3)*(-128)/(-48)?
2, 3
Let f = 18540 - -16199. List the prime factors of f.
34739
Let y(x) = 67*x**3 + 5*x**2 - 14*x + 10. Let s(c) = -c**2 + 6*c + 115. Let g be s(-8). What are the prime factors of y(g)?
2, 911
Suppose -12*g - 2028 = -14*g. Let r = g + -612. What are the prime factors of r?
2, 3, 67
Suppose -3*c + 8 = -2*w + 3*w, -5*w + 3*c + 4 = 0. Let x(k) = k**2 - 4833 + 2*k**2 - k + 0*k + 4833. What are the prime factors of x(w)?
2, 5
Let i(o) = -4*o + 3. Let y(w) = -1. Let a(s) = -i(s) - 6*y(s). Let r be a(0). Suppose 3*b + r*b - 156 = 0. List the prime factors of b.
2, 13
Let h(n) = -11*n + 383. Let i be (-6)/4 - (-66)/44. List the prime factors of h(i).
383
Let b = -97382 - -137885. List the prime factors of b.
3, 23, 587
Let h(f) be the third derivative of 379*f**4/24 - 19*f**3/6 + 103*f**2. List the prime factors of h(2).
739
Suppose 0 = -8*m + 33855 + 28265. List the prime factors of m.
5, 1553
Let h be 20/120 + (-58)/(-12). Suppose 2*i + h*w = 6*w + 245, -5*i + 585 = 3*w. What are the prime factors of i?
2, 3, 5
Let m = -9427 + 15202. List the prime factors of m.
3, 5, 7, 11
What are the prime factors of 36080 - (896/(-384) + 13/3)?
2, 3, 7, 859
Let o = -324 + 319. Let l(z) = -5*z**3 + 3*z**2 + 6*z + 11. List the prime factors of l(o).
3, 227
What are the prime factors of (678 - -4)*(34 + 45)?
2, 11, 31, 79
Let s = 481 + 2044. List the prime factors of s.
5, 101
Suppose -26*p + 5*v - 26 = -29*p, -16 = 2*p - 5*v. Suppose -3*g - p*f + 1206 = 0, 582 - 180 = g + 4*f. List the prime factors of g.
2, 3, 67
Let i(b) = 10*b + 2 - 2*b + b**3 - 1 - 10*b**2 - 2*b. Let o(l) = 3*l**3 - 20*l**2 + 13*l + 1. Let h(k) = 5*i(k) - 2*o(k). List the prime factors of h(-11).
2, 5
Let w be 3593 - (-6 - 1/(1/(-8))). Suppose 43*m - w = 40*m. List the prime factors of m.
3, 7, 19
List the prime factors of ((-28)/(-140) - (-68)/10)*(-154)/(-2).
7, 11
Let x = 21 + -25. Let k be (x/(-2))/(2/23). Let i = 79 - k. What are the prime factors of i?
2, 7
What are the prime factors of ((-880)/5)/11 + 23078?
2, 13, 887
Let b(u) be the first derivative of -16*u**2 + 16*u - 3. Let f be b(-7). Suppose -25*i = -22*i - f. List the prime factors of i.
2, 5
Let a(n) = -3*n + 27. Suppose v = -5*j - 0*j + 40, j + 5*v = 8. Let x be a(j). Suppose 4*o - 29 = -5*z, 2*o - 22 = x*z + 9. What are the prime factors of o?
11
Suppose 63487 = -35*c + 324027. List the prime factors of c.
2, 1861
Let b = -13 - -17. Let x(g) = 2*g**3 + 2*g**2 + 3*g - 5. Let j be x(b). Suppose -3*i + 265 = 2*i - 5*m, 4*i + 5*m = j. What are the prime factors of i?
2, 3
Suppose 16*w = 21 + 11. Let x(n) = -6*n**2 + 7*n**w - 2*n - n**2 - n**3 + 195. List the prime factors of x(0).
3, 5, 13
Let t(o) = -6352*o + 1023. What are the prime factors of t(-9)?
3, 7, 17, 163
Suppose 4*c - 21 = 6*c - 3*k, -3*c - 19 = -2*k. List the prime factors of 7 + -3*182/c.
3, 7
What are the prime factors of ((-553)/(-14))/((-53)/(-57134))?
7, 11, 79
Suppose -2 = -2*j, -3*x - 69 = -j - 23. Let g be x/(-4)*(-80)/(-60). Let d(n) = 31*n + 18. What are the prime factors of d(g)?
173
Suppose -321*o + 665133 = -188*o. List the prime factors of o.
3, 1667
Let u = 39085 - 20349. What are the prime factors of u?
2, 1171
Suppose 4*l = 0, -2*r + 10*l = 14*l - 2. List the prime factors of 681 - (-8 - r)/(-3) - 1.
677
Let p = -1443 - -3604. Suppose p = 4*l + 2*d - 681, 3*d = -l + 713. What are the prime factors of l?
2, 5, 71
Suppose 4*p + 685 = 3*k - 1447, -2*p = k - 704. Suppose 5*n - k = 237. Suppose -255 = -4*w + n. What are the prime factors of w?
3, 37
Suppose 3*i = 6*i - 21. Let r(w) be the first derivative of w**3/3 + 3*w**2/2 + 2*w + 9. List the prime factors of r(i).
2, 3
Suppose 5 = -5*y, 5*y + 0 = 4*z - 5. Let t be (2 + z)*-26*(-4)/16. Let f(g) = 6*g - 22. List the prime factors of f(t).
2, 7
Let m(b) = 7*b + 8. Let s be m(-14). Let f(l) = l - 2. Let y be f(-10). Let j = y - s. What are the prime factors of j?
2, 3, 13
Suppose 13*h - 1360 = 954. Let n = 597 - h. List the prime factors of n.
419
List the prime factors of (6 + 0)/((-20)/(-17930)*1/2).
2, 3, 11, 163
Let v(x) = 71*x + 40. Let m be v(8). Suppose -m = -3*d - 4*s + 419, 0 = -3*d - s + 1015. Suppose d = -15*q + 1387. List the prime factors of q.
2, 5, 7
Let x = -2568 - -2869. List the prime factors of x.
7, 43
Suppose -50*g = -47*g - 2943. Suppose l - 4*m = g, 3*l - 3*m - 1403 - 1567 = 0. List the prime factors of l.
3, 331
Suppose 0 = -10*j + 24*j + 196. Let f = j - -108. What are the prime factors of f?
2, 47
Suppose 169372 = 9*u - 1592. List the prime factors of u.
2, 3, 1583
Suppose 107*g - 181259 = -30843 + 68720. What are the prime factors of g?
2
Let o(m) = -7*m + 8. Let k be o(7). Let x = k - -50. Suppose 365 = x*c - 85. List the prime factors of c.
2, 5
Let i(n) = -n**3 + n**2 - 7*n - 4. Let b be i(-7). Suppose -55*y - 12 = -59*y. Suppose 4*q - x + 6*x = b, 0 = q - y*x - 88. What are the prime factors of q?
103
Suppose -g + 6*g = -2*t - 2, 4 = g. Let m(a) = 3*a**2 + 17*a + 22. What are the prime factors of m(t)?
2, 3, 11
Let r = 164 + -161. Suppose 3*l + r = 0, 5*b + 9*l = 10*l + 1316. List the prime factors of b.
263
Let h(q) = q**3 + 11*q**2 - 5*q - 51. Let m be h(-11). Suppose 5*a - 30 = -3*r, 2*r + 4*a = -0*a + 22. Suppose r*w + m*w = 171. What are the prime factors of w?
19
Suppose 3*d - f - 111206 = 0, -296560 = -8*d + 2*f + 2*f. What are the prime factors of d?
2, 43, 431
Suppose 724 = x - 5*z, -135 = -4*z - 131. List the prime factors of x.
3
Let m = 24 + -15. Let f = -16 - -25. What are the prime factors of 4/2 - (f - m)?
2
Let t(x) = -x**3 + 4*x**2 - 2*x - 2. Let j = 54 + -52. Let q be t(j). Suppose 0 = q*p - 73 - 103. What are the prime factors of p?
2, 11
Suppose 32*y - 1590908 = -229404. List the prime factors of y.
157, 271
Let q(g) be the third derivative of 5*g**4/12 + 19*g**3/6 + 61*g**2. What are the prime factors of q(11)?
3, 43
Let l = -8945 + 9223. List the prime factors of l.
2, 139
List the prime factors of 1/(4/1912)*(-2 - (-212)/8).
7, 239
List the prime factors of (-24)/3 - (-4351 + -3).
2, 41, 53
List the prime factors of ((-17)/(-2))/(-15 - (10 - (-2143510)/(-85740))).
3, 17, 1429
Suppose 528849 = 308*o - 28*o - 7990991. List the prime factors of o.
2, 7607
Let g = -11945 + 22860. List the prime factors of g.
5, 37, 59
Let d(t) = t**2 + 20*t + 98. Let y be d(-8). Suppose y*j - 179 = j. List the prime factors of j.
179
Suppose -4*j = -29 + 9. Suppose 0 = -0*c + 2*c - 2*i - 18, -j*i - 9 = 4*c. Suppose 0 = -c*a + 2*a + 24. What are the prime factors of a?
2, 3
Suppose -104*t = -102*t - 5652. What are the prime factors of t?
2, 3, 157
Let p = -202 + 212. Suppose 6855 + 805 = p*o. List the prime factors of o.
2, 383
Suppose -938*y = -997*y + 519967. What are the prime factors of y?
7, 1259
Let g = 19919 + 735. List the prime factors of g.
2, 23, 449
List the prime factors of 180720/20 + -5 + -3.
2, 37, 61
Suppose 7697 = 2*p + 4*n - 4989, 0 = -8*p - 5*n + 50821. List the prime factors of p.
3, 13, 163
Suppose 23415 = 2*l + 5*z, 5*l = -2*z + 65215 - 6604. What are the prime factors of l?
5, 7, 67
Suppose -10*a - 3508 + 126058 = 0. List the prime factors of a.
3, 5, 19, 43
Let h = 6204 - 904. List the prime factors of h.
2, 5, 53
Suppose 85 = 5*l + 15. Let q be ((2144/(-12))/(-4))/(l/(-21)). Let c = q + 122. List the prime factors of c.
5, 11
Let r(x) = -5*x - 3. Let w be r(4). Let a = w - -145. List the prime factors of a.
2, 61
Let t be 806/(-117) + 2/((-18)/1). Let z(p) = p**3 + 14*p**2 + 12*p + 30. List the prime factors of z(t).
17
Let i(x) = 765*x - 4233. What are the prime factors of i(45)?
2, 3, 17, 37
Let d(k) = -k**2 + 13*k + 17. Suppose 2*c + 3*p - 22 = 0, c - 8 = -3*p - 0*p. Let u be d(c). Suppose -u*i + 102 = -i. What are the prime factors of i?
3, 17
Suppose 0 = -2*j + 3*g + 18535, j - 3*g - 6361 = 2899. What are the prime factors of j?
5, 7, 53
Let d = 25779 + -11407. List the prime factors of d.
2, 3593
What are the prime factors of -7*(-4)/(-42) - (-66352)/6?
2, 3, 19, 97
Let w(l) = l**3 - 20*l**2 + 59*l - 274. What are the prime factors of